 2*p - 13. Suppose 0 = -p*h + 3. What is the highest common factor of 1 and h?
1
Suppose -2*k = -0*k. Let n = 6 - k. Suppose 0*v + v = 4*r - n, -4*v = -8. Calculate the highest common divisor of r and 22.
2
Let x = 33 - 23. What is the highest common divisor of x and 2?
2
Suppose -3*q - 61 + 571 = 0. Let k be 10 + 9 + -1 + -1. What is the greatest common divisor of k and q?
17
Let m be 88/(-33)*((-57)/6 + 2). Calculate the greatest common factor of m and 140.
20
Let i = 18 - 13. Suppose -15 = v - i*h, 6*h + 17 = 5*v + 4*h. Let f(m) = m**3 - 4*m**2 - 5. Let u be f(v). Calculate the greatest common factor of u and 4.
4
Let l = -12 - -52. Suppose 4*d - 11 - 5 = 0. What is the highest common divisor of l and d?
4
Let p(b) = b**3 + 8*b**2 - b - 1. Let v be p(-8). Suppose -v = -c + 11. Calculate the highest common factor of c and 162.
18
Let r = -36 - -58. Suppose -5*c = -r - 3. What is the greatest common factor of 1 and c?
1
Suppose 2*p = -3*b + 28, -4*b + 28 = -2*p + 4*p. Suppose 4 + p = 2*o. Suppose -o = -2*v + 1. Calculate the greatest common divisor of v and 45.
5
Let r(u) = -u - 5. Let f be r(-5). Let s be -2 + (f - 1 - -1). Let b be (-2)/(-2)*(11 - s). Calculate the highest common divisor of b and 143.
13
Suppose -3*y + 6*y - 6 = 0. Suppose 4*g + y*t = -59 + 1, -4*t = g + 11. Let r be 2/(9/g - -1). What is the greatest common divisor of 45 and r?
5
Let h(k) = -4 + 0*k + 0*k + k - 3. Let u be h(11). What is the highest common divisor of 28 and u?
4
Let g(y) = 3*y**2 + 4*y + 2. Let p = 1 + -3. Let b be g(p). Calculate the greatest common factor of 48 and b.
6
Suppose 73*s - 70*s = 63. What is the greatest common factor of s and 7?
7
Let w be ((-4)/(-4))/((-2)/(-114)). Suppose 2*m - w + 5 = 0. Suppose 3*g + g + 4*f = 56, -4*f + m = g. Calculate the greatest common divisor of 40 and g.
10
Suppose -a - 3*u + u = -9, 14 = a - 3*u. Calculate the highest common divisor of 55 and a.
11
Let x = 8 - -12. What is the greatest common divisor of 20 and x?
20
Let v = 7 + -3. Let x be (-4 + 1)/(5 - v). Let d(l) = -2*l + 1. Let w be d(x). What is the highest common factor of w and 63?
7
Suppose d + 4 = 3*d. Suppose -d = -2*h + h. Calculate the highest common factor of h and 10.
2
Let i = -2 - -4. Let d(l) = -6 + 2*l**2 - i*l**2 - 11*l - l**2. Let u be d(-7). Calculate the greatest common factor of 55 and u.
11
Let z = -14 + 19. Suppose 102 = z*y + 27. Calculate the highest common factor of 105 and y.
15
Let k be (-21)/35 + 9/(-15)*-6. What is the highest common factor of k and 15?
3
Let z(g) = -g - 1. Let u(k) = -k**2 - 4*k. Let y be u(-5). Let v be z(y). Calculate the highest common divisor of v and 24.
4
Suppose -c + 4 = -6. Suppose 3*z - 98 = 5*t, 7*t = -z + 3*t + c. Calculate the highest common divisor of 130 and z.
26
Suppose 4*b + 488 = i, 2*b + 946 = -0*i + 2*i. What is the greatest common factor of 52 and i?
52
Suppose 0 = 3*l - 6*l - 5*v + 85, -l + 28 = 2*v. Let i = 125 - 85. Suppose 2*r - i = -0*r. What is the greatest common factor of r and l?
10
Let c = -116 + 120. What is the greatest common factor of c and 24?
4
Let q be -30*(22/(-12) - (-3)/2). Let y = -1 - -2. Let v be (y - 11)*(-2)/4. Calculate the greatest common factor of q and v.
5
Let g be (-24 + 2)*1/(-2). Let a(q) = -q**2 + 6*q - 6. Let n be a(4). Suppose 0*l = n*l - 198. Calculate the highest common divisor of g and l.
11
Let n(w) = w**2 + w. Let a be (-1 + 0)*(-4 + 4). Suppose -v + 3 = -a*v. Let z be n(v). Calculate the greatest common divisor of 3 and z.
3
Let k = -112 + 119. Calculate the highest common factor of k and 63.
7
Suppose -3*s = -222 - 408. Calculate the greatest common factor of 42 and s.
42
Let m be (-2)/(-7) - (-92)/(-28). Let f be (-44 - 0)*m/12. Calculate the highest common factor of f and 33.
11
Let x(c) = c + 2. Let s be x(-4). Let r be 1 + 1 + (-6 - s). Let v be (5 - 6)/(r/4). What is the highest common divisor of 12 and v?
2
Suppose 73 + 23 = 4*x. Calculate the highest common divisor of 8 and x.
8
Let x = -1 - -3. Let b be 1*(0/3 + x). Let s(a) = -a**2 - 9*a - 10. Let t be s(-7). What is the greatest common divisor of t and b?
2
Let m = 20 + -3. Suppose t - 5*u - 10 = m, 4*u - 36 = -4*t. What is the greatest common divisor of t and 8?
4
Let c = 66 - 42. Calculate the greatest common factor of c and 12.
12
Suppose -9 = 4*f - 5*f. Calculate the highest common divisor of 9 and f.
9
Suppose 2*u + x - 2*x = 3, -13 = -2*u - x. Suppose u*r + 2*z = 16, -2*r = -0*z - z. Suppose 4*o = 4 - 0. What is the greatest common factor of r and o?
1
Let w be (0 - -2) + -3 - -1. Suppose w = o + o - 5*s - 10, o - 35 = -5*s. Suppose o + 0 = 3*f. Calculate the highest common divisor of 2 and f.
1
Let s(a) = 7*a - 4. Let y be s(4). Suppose 48 = 7*x - 3*x. Suppose 2*l + 3*l - 3*p - 8 = 0, -l - 2*p + x = 0. What is the highest common factor of y and l?
4
Suppose 0 = -0*u - 2*u. Let t be 1 + -1 + u + 3. Suppose t = 3*d - 54. Calculate the greatest common divisor of d and 38.
19
Let l(x) = 4*x**2 + 2*x**3 - x**3 - 2*x + x**2. Let t be l(-4). Calculate the highest common factor of 6 and t.
6
Let d = -2 - -255. What is the greatest common divisor of 23 and d?
23
Let o = 92 + -70. Calculate the greatest common divisor of 33 and o.
11
Suppose -2*o - 21 = -47. Calculate the greatest common divisor of 91 and o.
13
Suppose -2*j = 19 - 25. What is the highest common factor of 3 and j?
3
Let f be (-2)/3 - 438/(-9). Suppose 0 = j + j - f. What is the highest common divisor of j and 3?
3
Let x = 59 - 3. Suppose -5 = -5*m, 5*j = 2*j + 4*m + x. Calculate the highest common factor of j and 40.
20
Let m(z) = z**2 + 3*z - 3. Let r(a) = 2*a**2 + 7*a - 7. Let g(x) = 5*m(x) - 2*r(x). Let q be g(3). Calculate the greatest common divisor of q and 55.
11
Suppose 3*n - n = -8, -20 = -3*x + 2*n. Suppose -3*b = 5*v - 13 - 0, 4*b - x = -4*v. Calculate the greatest common factor of v and 1.
1
Let o be ((-3)/(-6))/(-1)*-278. Suppose -a - o = -2*a. Suppose 3*v = 6, -4*k + 2*v = a - 363. What is the greatest common divisor of k and 38?
19
Let a(y) = -65*y**3 - 2*y - 2. Let b be a(-1). What is the highest common divisor of 13 and b?
13
Suppose 4*u - 74 = -5*t + 49, t + 2*u - 27 = 0. Suppose -t - 2 = -5*c. Calculate the highest common factor of 30 and c.
5
Suppose h + 4*h - 22 = -4*s, 3*s - 19 = -5*h. Suppose -4*o = 3*r - 44, -79 = -3*r + h*o - 11. What is the greatest common divisor of 20 and r?
20
Suppose 0 = -3*u - 2*k - 169, -4*k = -3*k + 2. Let n = u - -94. Calculate the greatest common factor of n and 13.
13
Suppose 3*m - 92 = 70. Calculate the greatest common factor of 6 and m.
6
Suppose -5*b + 15 = x - 30, 78 = 3*x - 4*b. Calculate the highest common factor of x and 10.
10
Suppose -3*f + 0*f = -5*s + 4, -6 = s - 4*f. Suppose -s*w + 54 = 8. Let x(z) = -40*z + 1. Let y be x(-4). Calculate the highest common divisor of w and y.
23
Suppose 10 = -2*x + 5*j + 32, -x + j + 11 = 0. Let l(v) = -38*v - 10. Let i be l(-11). Let q = i - 287. Calculate the greatest common factor of x and q.
11
Let h be -4*(10/8 + -2). Suppose -5*p + 37 + 4 = -3*i, -39 = -3*p - h*i. Let r be 78/5 - (-4)/p. What is the greatest common factor of 24 and r?
8
Let b be 3 + 3 + (-9)/3. Suppose 4 = -4*s, -b*g = 3*s - s - 7. Calculate the greatest common divisor of g and 21.
3
Let a be (-474)/(-16) + (-6)/(-16). What is the greatest common divisor of a and 10?
10
Suppose i + 0*i = 52. Suppose -3*s + 60 = -4*b - 182, s = 4*b + 86. Calculate the greatest common divisor of i and s.
26
Suppose -2*h + 0*h + 164 = 4*t, -t = 3*h - 241. Suppose -4*k = -96 - h. Calculate the highest common factor of 11 and k.
11
Let a be (-1)/(2*2/(-380)). Suppose -2*v - 5*y + 76 = 0, 3*v + y = -y + 114. What is the greatest common factor of v and a?
19
Let p = -81 + 105. Calculate the greatest common factor of p and 32.
8
Suppose -3*p - 12 = 0, s = 2*s - 2*p - 21. What is the highest common factor of 26 and s?
13
Let x = 5 + -2. Let a = -44 + 104. Suppose 3*f - h - a = 2*h, -4*f = -x*h - 75. Calculate the greatest common factor of 105 and f.
15
Let n be ((-14)/(-8))/(14/504). What is the highest common divisor of n and 9?
9
Let u(k) = k**2 - 8*k + 3. Let d be u(7). Let w be (-28)/(-21) + d/(-6). Let s be w/4 - (-525)/6. What is the highest common factor of s and 8?
8
Supp